{"id":716,"date":"2020-07-07T22:45:14","date_gmt":"2020-07-07T20:45:14","guid":{"rendered":"http:\/\/www.fillesdelacroix-jeunes.com\/?page_id=716"},"modified":"2020-07-16T20:27:28","modified_gmt":"2020-07-16T18:27:28","slug":"une-spiritualite","status":"publish","type":"page","link":"https:\/\/www.fillesdelacroix-jeunes.com\/index.php\/une-spiritualite\/","title":{"rendered":"Une spiritualit\u00e9"},"content":{"rendered":"\t\t<div data-elementor-type=\"wp-page\" data-elementor-id=\"716\" class=\"elementor elementor-716\">\n\t\t\t\t\t\t<section class=\"elementor-section elementor-top-section elementor-element elementor-element-f2e5db1 elementor-section-boxed elementor-section-height-default elementor-section-height-default\" data-id=\"f2e5db1\" data-element_type=\"section\" data-e-type=\"section\">\n\t\t\t\t\t\t<div class=\"elementor-container elementor-column-gap-default\">\n\t\t\t\t\t<div class=\"elementor-column elementor-col-50 elementor-top-column elementor-element elementor-element-732e715\" data-id=\"732e715\" data-element_type=\"column\" data-e-type=\"column\">\n\t\t\t<div class=\"elementor-widget-wrap elementor-element-populated\">\n\t\t\t\t\t\t<div class=\"elementor-element elementor-element-dbe41b5 elementor-widget elementor-widget-heading\" data-id=\"dbe41b5\" data-element_type=\"widget\" data-e-type=\"widget\" data-widget_type=\"heading.default\">\n\t\t\t\t<div class=\"elementor-widget-container\">\n\t\t\t\t\t<h1 class=\"elementor-heading-title elementor-size-default\">LA SPIRITUALITE DES FILLES DE LA CROIX<\/h1>\t\t\t\t<\/div>\n\t\t\t\t<\/div>\n\t\t\t\t\t<\/div>\n\t\t<\/div>\n\t\t\t\t<div class=\"elementor-column elementor-col-50 elementor-top-column elementor-element elementor-element-1842e0e\" data-id=\"1842e0e\" data-element_type=\"column\" data-e-type=\"column\">\n\t\t\t<div class=\"elementor-widget-wrap elementor-element-populated\">\n\t\t\t\t\t\t<div class=\"elementor-element elementor-element-72b11ee elementor-hidden-tablet elementor-hidden-phone elementor-widget-divider--separator-type-pattern elementor-widget-divider--view-line elementor-widget elementor-widget-divider\" data-id=\"72b11ee\" data-element_type=\"widget\" data-e-type=\"widget\" data-widget_type=\"divider.default\">\n\t\t\t\t<div class=\"elementor-widget-container\">\n\t\t\t\t\t\t\t<div class=\"elementor-divider\" style=\"--divider-pattern-url: url(&quot;data:image\/svg+xml,%3Csvg xmlns=&#039;http:\/\/www.w3.org\/2000\/svg&#039; preserveAspectRatio=&#039;none&#039; overflow=&#039;visible&#039; height=&#039;100%&#039; viewBox=&#039;0 0 20 16&#039; fill=&#039;none&#039; stroke=&#039;black&#039; stroke-width=&#039;1&#039; stroke-linecap=&#039;square&#039; stroke-miterlimit=&#039;10&#039;%3E%3Cg transform=&#039;translate(-12.000000, 0)&#039;%3E%3Cpath d=&#039;M28,0L10,18&#039;\/%3E%3Cpath d=&#039;M18,0L0,18&#039;\/%3E%3Cpath d=&#039;M48,0L30,18&#039;\/%3E%3Cpath d=&#039;M38,0L20,18&#039;\/%3E%3C\/g%3E%3C\/svg%3E&quot;);\">\n\t\t\t<span class=\"elementor-divider-separator\">\n\t\t\t\t\t\t<\/span>\n\t\t<\/div>\n\t\t\t\t\t\t<\/div>\n\t\t\t\t<\/div>\n\t\t\t\t\t<\/div>\n\t\t<\/div>\n\t\t\t\t\t<\/div>\n\t\t<\/section>\n\t\t\t\t<section class=\"elementor-section elementor-top-section elementor-element elementor-element-c7fbab4 elementor-section-boxed elementor-section-height-default elementor-section-height-default\" data-id=\"c7fbab4\" data-element_type=\"section\" data-e-type=\"section\">\n\t\t\t\t\t\t<div class=\"elementor-container elementor-column-gap-default\">\n\t\t\t\t\t<div class=\"elementor-column elementor-col-100 elementor-top-column elementor-element elementor-element-f533e85\" data-id=\"f533e85\" data-element_type=\"column\" data-e-type=\"column\">\n\t\t\t<div class=\"elementor-widget-wrap elementor-element-populated\">\n\t\t\t\t\t\t<div class=\"elementor-element elementor-element-6180ec0 elementor-widget elementor-widget-text-editor\" data-id=\"6180ec0\" data-element_type=\"widget\" data-e-type=\"widget\" data-widget_type=\"text-editor.default\">\n\t\t\t\t<div class=\"elementor-widget-container\">\n\t\t\t\t\t\t\t\t\t<p>Notre Spiritualit\u00e9 na\u00eet dans la personne du Christ. Nous sommes fortement enracin\u00e9es dans deux visages du myst\u00e8re du Christ : son Incarnation et sa P\u00e2que !<\/p>\t\t\t\t\t\t\t\t<\/div>\n\t\t\t\t<\/div>\n\t\t\t\t\t<\/div>\n\t\t<\/div>\n\t\t\t\t\t<\/div>\n\t\t<\/section>\n\t\t\t\t<section class=\"elementor-section elementor-top-section elementor-element elementor-element-c1d7a8a elementor-section-boxed elementor-section-height-default elementor-section-height-default\" data-id=\"c1d7a8a\" data-element_type=\"section\" data-e-type=\"section\">\n\t\t\t\t\t\t<div class=\"elementor-container elementor-column-gap-default\">\n\t\t\t\t\t<div class=\"elementor-column elementor-col-33 elementor-top-column elementor-element elementor-element-7b5b20a\" data-id=\"7b5b20a\" data-element_type=\"column\" data-e-type=\"column\">\n\t\t\t<div class=\"elementor-widget-wrap elementor-element-populated\">\n\t\t\t\t\t\t<div class=\"elementor-element elementor-element-1c5ec47 elementor-widget elementor-widget-image\" data-id=\"1c5ec47\" data-element_type=\"widget\" data-e-type=\"widget\" data-widget_type=\"image.default\">\n\t\t\t\t<div class=\"elementor-widget-container\">\n\t\t\t\t\t\t\t\t\t\t\t\t\t\t\t<img fetchpriority=\"high\" decoding=\"async\" width=\"440\" height=\"293\" src=\"https:\/\/www.fillesdelacroix-jeunes.com\/wp-content\/uploads\/2020\/07\/nature-champ-terre-petites-pousses-3000x2000-museumtextures.com_.jpg\" class=\"attachment-large size-large wp-image-972\" alt=\"\" srcset=\"https:\/\/www.fillesdelacroix-jeunes.com\/wp-content\/uploads\/2020\/07\/nature-champ-terre-petites-pousses-3000x2000-museumtextures.com_.jpg 440w, https:\/\/www.fillesdelacroix-jeunes.com\/wp-content\/uploads\/2020\/07\/nature-champ-terre-petites-pousses-3000x2000-museumtextures.com_-300x200.jpg 300w\" sizes=\"(max-width: 440px) 100vw, 440px\" \/>\t\t\t\t\t\t\t\t\t\t\t\t\t\t\t<\/div>\n\t\t\t\t<\/div>\n\t\t\t\t\t<\/div>\n\t\t<\/div>\n\t\t\t\t<div class=\"elementor-column elementor-col-33 elementor-top-column elementor-element elementor-element-84f4117\" data-id=\"84f4117\" data-element_type=\"column\" data-e-type=\"column\">\n\t\t\t<div class=\"elementor-widget-wrap elementor-element-populated\">\n\t\t\t\t\t\t<div class=\"elementor-element elementor-element-66d92cd elementor-widget elementor-widget-image\" data-id=\"66d92cd\" data-element_type=\"widget\" data-e-type=\"widget\" data-widget_type=\"image.default\">\n\t\t\t\t<div class=\"elementor-widget-container\">\n\t\t\t\t\t\t\t\t\t\t\t\t\t\t\t<img decoding=\"async\" width=\"640\" height=\"425\" src=\"https:\/\/www.fillesdelacroix-jeunes.com\/wp-content\/uploads\/2020\/07\/1714-jeunes_plantes_de_ble_tendre_gouttes_de_rosee.jpg\" class=\"attachment-large size-large wp-image-971\" alt=\"\" srcset=\"https:\/\/www.fillesdelacroix-jeunes.com\/wp-content\/uploads\/2020\/07\/1714-jeunes_plantes_de_ble_tendre_gouttes_de_rosee.jpg 800w, https:\/\/www.fillesdelacroix-jeunes.com\/wp-content\/uploads\/2020\/07\/1714-jeunes_plantes_de_ble_tendre_gouttes_de_rosee-300x199.jpg 300w, https:\/\/www.fillesdelacroix-jeunes.com\/wp-content\/uploads\/2020\/07\/1714-jeunes_plantes_de_ble_tendre_gouttes_de_rosee-768x510.jpg 768w\" sizes=\"(max-width: 640px) 100vw, 640px\" \/>\t\t\t\t\t\t\t\t\t\t\t\t\t\t\t<\/div>\n\t\t\t\t<\/div>\n\t\t\t\t\t<\/div>\n\t\t<\/div>\n\t\t\t\t<div class=\"elementor-column elementor-col-33 elementor-top-column elementor-element elementor-element-6d6e7ae\" data-id=\"6d6e7ae\" data-element_type=\"column\" data-e-type=\"column\">\n\t\t\t<div class=\"elementor-widget-wrap elementor-element-populated\">\n\t\t\t\t\t\t<div class=\"elementor-element elementor-element-60be9b2 elementor-widget elementor-widget-image\" data-id=\"60be9b2\" data-element_type=\"widget\" data-e-type=\"widget\" data-widget_type=\"image.default\">\n\t\t\t\t<div class=\"elementor-widget-container\">\n\t\t\t\t\t\t\t\t\t\t\t\t\t\t\t<img decoding=\"async\" width=\"640\" height=\"427\" src=\"https:\/\/www.fillesdelacroix-jeunes.com\/wp-content\/uploads\/2020\/07\/ble-1024x683.jpg\" class=\"attachment-large size-large wp-image-969\" alt=\"\" srcset=\"https:\/\/www.fillesdelacroix-jeunes.com\/wp-content\/uploads\/2020\/07\/ble-1024x683.jpg 1024w, https:\/\/www.fillesdelacroix-jeunes.com\/wp-content\/uploads\/2020\/07\/ble-300x200.jpg 300w, https:\/\/www.fillesdelacroix-jeunes.com\/wp-content\/uploads\/2020\/07\/ble-768x512.jpg 768w, https:\/\/www.fillesdelacroix-jeunes.com\/wp-content\/uploads\/2020\/07\/ble-930x620.jpg 930w, https:\/\/www.fillesdelacroix-jeunes.com\/wp-content\/uploads\/2020\/07\/ble.jpg 1500w\" sizes=\"(max-width: 640px) 100vw, 640px\" \/>\t\t\t\t\t\t\t\t\t\t\t\t\t\t\t<\/div>\n\t\t\t\t<\/div>\n\t\t\t\t\t<\/div>\n\t\t<\/div>\n\t\t\t\t\t<\/div>\n\t\t<\/section>\n\t\t\t\t<section class=\"elementor-section elementor-top-section elementor-element elementor-element-6461a1c elementor-section-boxed elementor-section-height-default elementor-section-height-default\" data-id=\"6461a1c\" data-element_type=\"section\" data-e-type=\"section\">\n\t\t\t\t\t\t<div class=\"elementor-container elementor-column-gap-default\">\n\t\t\t\t\t<div class=\"elementor-column elementor-col-33 elementor-top-column elementor-element elementor-element-61d0d55\" data-id=\"61d0d55\" data-element_type=\"column\" data-e-type=\"column\">\n\t\t\t<div class=\"elementor-widget-wrap elementor-element-populated\">\n\t\t\t\t\t\t<div class=\"elementor-element elementor-element-b8ac81f elementor-widget elementor-widget-text-editor\" data-id=\"b8ac81f\" data-element_type=\"widget\" data-e-type=\"widget\" data-widget_type=\"text-editor.default\">\n\t\t\t\t<div class=\"elementor-widget-container\">\n\t\t\t\t\t\t\t\t\t<h3>Incarnation<\/h3><p>Spiritualit\u00e9 des mains, des pieds, des yeux, du corps\u2026<br \/>Spiritualit\u00e9 de l\u2019humanit\u00e9, de la proximit\u00e9,<br \/>Spiritualit\u00e9 du \u00ab \u00eatre avec\u2026 \u00bb en simplicit\u00e9, en humilit\u00e9 :<br \/>Marcher avec\u2026sentir avec\u2026<br \/>Spiritualit\u00e9 du grain de bl\u00e9 enfoui en terre\u2026<\/p>\t\t\t\t\t\t\t\t<\/div>\n\t\t\t\t<\/div>\n\t\t\t\t\t<\/div>\n\t\t<\/div>\n\t\t\t\t<div class=\"elementor-column elementor-col-33 elementor-top-column elementor-element elementor-element-de1f923\" data-id=\"de1f923\" data-element_type=\"column\" data-e-type=\"column\">\n\t\t\t<div class=\"elementor-widget-wrap elementor-element-populated\">\n\t\t\t\t\t\t<div class=\"elementor-element elementor-element-461c7df elementor-widget elementor-widget-text-editor\" data-id=\"461c7df\" data-element_type=\"widget\" data-e-type=\"widget\" data-widget_type=\"text-editor.default\">\n\t\t\t\t<div class=\"elementor-widget-container\">\n\t\t\t\t\t\t\t\t\t<h3>P\u00e2que<\/h3><p>Spiritualit\u00e9 du Passage, accompagnant la travers\u00e9e de ce qui est rude, de la blessure, de la rupture, de ce qui est \u00ab bris\u00e9 \u00bb, \u00ab broy\u00e9 \u00bb\u2026<br \/>Travers\u00e9e vers le large, la Vie, l\u2019avenir possible, le pardon, la croissance, le bonheur\u2026<br \/>Spiritualit\u00e9 du grain de bl\u00e9 qui germe, traverse, cro\u00eet, produit du grain\u2026100 pour un ! F\u00e9condit\u00e9 de la vie dans la mort, la blessure !<br \/>La spiritualit\u00e9 : vie de l\u2019Esprit Saint en nos vies pour la conduire et prendre la figure de la personne du Christ.<br \/>La spiritualit\u00e9 inspire notre vie d\u2019une certaine mani\u00e8re\u2026par l\u2019Incarnation et la P\u00e2que.<\/p>\t\t\t\t\t\t\t\t<\/div>\n\t\t\t\t<\/div>\n\t\t\t\t\t<\/div>\n\t\t<\/div>\n\t\t\t\t<div class=\"elementor-column elementor-col-33 elementor-top-column elementor-element elementor-element-a545fce\" data-id=\"a545fce\" data-element_type=\"column\" data-e-type=\"column\">\n\t\t\t<div class=\"elementor-widget-wrap elementor-element-populated\">\n\t\t\t\t\t\t<div class=\"elementor-element elementor-element-aef6577 elementor-widget elementor-widget-text-editor\" data-id=\"aef6577\" data-element_type=\"widget\" data-e-type=\"widget\" data-widget_type=\"text-editor.default\">\n\t\t\t\t<div class=\"elementor-widget-container\">\n\t\t\t\t\t\t\t\t\t<h3>La Trinit\u00e9<\/h3><p>La personne du Christ, dans l\u2019Esprit, se re\u00e7oit du P\u00e8re, est envoy\u00e9 par le P\u00e8re, retourne vers le P\u00e8re.<br \/>Notre spiritualit\u00e9 s\u2019enracine dans une forte dimension trinitaire.<br \/>La personne du Christ nous y introduit Lui qui se re\u00e7oit du P\u00e8re. Envoy\u00e9 par le P\u00e8re, Il nous r\u00e9v\u00e8le l\u2019inou\u00ef de son Amour qui dans une totale pauvret\u00e9 livre tout jusqu\u2019\u00e0 son Fils.<br \/>A l\u2019image de la relation des personnes de la Trinit\u00e9, nous sommes appel\u00e9es \u00e0 vivre la communaut\u00e9, l\u2019esprit de famille, le \u00ab vivre ensemble \u00bb dans la diversit\u00e9.<br \/>L\u2019Esprit, source de vie nouvelle, nous invite \u00e0 une spiritualit\u00e9 de communion, de lien, de \u00ab rapprochement \u00bb \u00e0 \u00ab remettre dans le cercle des relations \u00bb. Nous participons \u00e0 la construction de l\u2019Eglise qui nait du coeur ouvert du Christ sur la Croix.<\/p>\t\t\t\t\t\t\t\t<\/div>\n\t\t\t\t<\/div>\n\t\t\t\t\t<\/div>\n\t\t<\/div>\n\t\t\t\t\t<\/div>\n\t\t<\/section>\n\t\t\t\t<section class=\"elementor-section elementor-top-section elementor-element elementor-element-7fc9547 elementor-section-boxed elementor-section-height-default elementor-section-height-default\" data-id=\"7fc9547\" data-element_type=\"section\" data-e-type=\"section\">\n\t\t\t\t\t\t<div class=\"elementor-container elementor-column-gap-default\">\n\t\t\t\t\t<div class=\"elementor-column elementor-col-100 elementor-top-column elementor-element elementor-element-7a0fe8f\" data-id=\"7a0fe8f\" data-element_type=\"column\" data-e-type=\"column\">\n\t\t\t<div class=\"elementor-widget-wrap elementor-element-populated\">\n\t\t\t\t\t\t<div class=\"elementor-element elementor-element-d1e4190 elementor-widget elementor-widget-text-editor\" data-id=\"d1e4190\" data-element_type=\"widget\" data-e-type=\"widget\" data-widget_type=\"text-editor.default\">\n\t\t\t\t<div class=\"elementor-widget-container\">\n\t\t\t\t\t\t\t\t\t<h4>Une pri\u00e8re compos\u00e9e pour un rassemblement de la\u00efcs par des la\u00efcs partageant le charisme :<\/h4><p>\u00ab Par Toi, Christ, et dans l\u2019Esprit, nous aimons dire \u00e0 notre P\u00e8re,<br \/>Que nos mains, nos pieds, notre bouche, proclament sa bont\u00e9 et sa mis\u00e9ricorde \u00e0 ce monde qu\u2019Il aime,<br \/>Et que nous nous tenons avec Marie, debout au pied de la Croix, dans une foi sans d\u00e9faillance en ta P\u00e2que pour notre temps,<br \/>Que nous marchons dans l\u2019all\u00e9gresse de la Vie avec tous ceux et celles qui croisent nos routes. Amen ! \u00bb<\/p>\t\t\t\t\t\t\t\t<\/div>\n\t\t\t\t<\/div>\n\t\t\t\t\t<\/div>\n\t\t<\/div>\n\t\t\t\t\t<\/div>\n\t\t<\/section>\n\t\t\t\t<\/div>\n\t\t","protected":false},"excerpt":{"rendered":"<p>LA SPIRITUALITE DES FILLES DE LA CROIX Notre Spiritualit\u00e9 na\u00eet dans la personne du Christ. Nous sommes fortement enracin\u00e9es dans deux visages du myst\u00e8re du Christ : son Incarnation et [&hellip;]<\/p>\n","protected":false},"author":2,"featured_media":0,"parent":0,"menu_order":0,"comment_status":"closed","ping_status":"closed","template":"page-templates\/template-pagebuilder-full-width.php","meta":{"_price":"","_stock":"","_tribe_ticket_header":"","_tribe_default_ticket_provider":"","_tribe_ticket_capacity":"0","_ticket_start_date":"","_ticket_end_date":"","_tribe_ticket_show_description":"","_tribe_ticket_show_not_going":false,"_tribe_ticket_use_global_stock":"","_tribe_ticket_global_stock_level":"","_global_stock_mode":"","_global_stock_cap":"","_tribe_rsvp_for_event":"","_tribe_ticket_going_count":"","_tribe_ticket_not_going_count":"","_tribe_tickets_list":"[]","_tribe_ticket_has_attendee_info_fields":false,"cybocfi_hide_featured_image":"","footnotes":"","_tec_slr_enabled":"","_tec_slr_layout":""},"class_list":["post-716","page","type-page","status-publish","hentry"],"ticketed":false,"_links":{"self":[{"href":"https:\/\/www.fillesdelacroix-jeunes.com\/index.php\/wp-json\/wp\/v2\/pages\/716","targetHints":{"allow":["GET"]}}],"collection":[{"href":"https:\/\/www.fillesdelacroix-jeunes.com\/index.php\/wp-json\/wp\/v2\/pages"}],"about":[{"href":"https:\/\/www.fillesdelacroix-jeunes.com\/index.php\/wp-json\/wp\/v2\/types\/page"}],"author":[{"embeddable":true,"href":"https:\/\/www.fillesdelacroix-jeunes.com\/index.php\/wp-json\/wp\/v2\/users\/2"}],"replies":[{"embeddable":true,"href":"https:\/\/www.fillesdelacroix-jeunes.com\/index.php\/wp-json\/wp\/v2\/comments?post=716"}],"version-history":[{"count":6,"href":"https:\/\/www.fillesdelacroix-jeunes.com\/index.php\/wp-json\/wp\/v2\/pages\/716\/revisions"}],"predecessor-version":[{"id":974,"href":"https:\/\/www.fillesdelacroix-jeunes.com\/index.php\/wp-json\/wp\/v2\/pages\/716\/revisions\/974"}],"wp:attachment":[{"href":"https:\/\/www.fillesdelacroix-jeunes.com\/index.php\/wp-json\/wp\/v2\/media?parent=716"}],"curies":[{"name":"wp","href":"https:\/\/api.w.org\/{rel}","templated":true}]}}